5 + 203?
221
In base 8, what is 2 + 6162?
6164
In base 15, what is 1 + 4e3?
4e4
In base 12, what is 5b + 16?
75
In base 4, what is 1002 - -101?
1103
In base 10, what is -14 - 104?
-118
In base 14, what is 1 + -30?
-2d
In base 6, what is -1 - 15540?
-15541
In base 10, what is 8 + 259?
267
In base 2, what is 10101 - 101?
10000
In base 11, what is 0 + -8?
-8
In base 15, what is -1e - a0?
-be
In base 13, what is -2 - 17a?
-17c
In base 3, what is 20 - 1212?
-1122
In base 4, what is -310 + 221?
-23
In base 5, what is 3 + 124142?
124200
In base 12, what is 21 - -351?
372
In base 7, what is 442 - 44?
365
In base 3, what is -112 - 0?
-112
In base 15, what is -32 - -1?
-31
In base 4, what is -31020100 + -10?
-31020110
In base 13, what is 74 - -10?
84
In base 13, what is 80 + -4?
79
In base 11, what is 5444 - -3?
5447
In base 11, what is -29484 + -3?
-29487
In base 5, what is -13 - 432?
-1000
In base 9, what is 5 + 3762?
3767
In base 3, what is -112110022 + 12?
-112110010
In base 14, what is -9 - -79?
70
In base 7, what is 10 + -1306?
-1266
In base 6, what is -1 - 105?
-110
In base 10, what is 29 - -38?
67
In base 7, what is -223 + -4?
-230
In base 13, what is -4 + b2?
ab
In base 7, what is -5 + 4?
-1
In base 16, what is -4 + 1?
-3
In base 12, what is -85 - 3?
-88
In base 9, what is 0 - -222?
222
In base 5, what is -32 - -10?
-22
In base 9, what is 1 + 73?
74
In base 6, what is -32 - -2225?
2153
In base 3, what is -10 - -2121012?
2121002
In base 12, what is 5 - -10a6?
10ab
In base 11, what is 8 - -608?
615
In base 9, what is -236 - 7?
-244
In base 10, what is 23 - -409?
432
In base 11, what is 60 + 20?
80
In base 7, what is 606 + -4?
602
In base 15, what is -8a - 5?
-90
In base 16, what is 1 - -311?
312
In base 14, what is 143 + 0?
143
In base 6, what is 5433 + -2?
5431
In base 14, what is -4 - 1449?
-144d
In base 6, what is -41 + -1?
-42
In base 12, what is -3 + -41?
-44
In base 8, what is 623 - -11?
634
In base 15, what is 6e + 2?
71
In base 2, what is 1 + -10110?
-10101
In base 3, what is 0 + 110221?
110221
In base 8, what is 56 + 2?
60
In base 12, what is 9 - -19?
26
In base 8, what is 5 - 51?
-44
In base 2, what is -111111 - -11000?
-100111
In base 10, what is 1 + 1339?
1340
In base 10, what is 129 + 16?
145
In base 14, what is -2a + 2?
-28
In base 9, what is -1382 - 3?
-1385
In base 7, what is 1 + -11311?
-11310
In base 15, what is -3 + -5?
-8
In base 9, what is -2 - 12?
-14
In base 3, what is 12 - -1121?
1210
In base 9, what is 28 - 3?
25
In base 5, what is -10441 + -3?
-10444
In base 6, what is -13 - -2?
-11
In base 3, what is 2102 - 2?
2100
In base 7, what is -2 - -343?
341
In base 14, what is -6 + 5a?
54
In base 10, what is -542 + -40?
-582
In base 13, what is 1598 + -5?
1593
In base 10, what is 5 + 34?
39
In base 10, what is -200 - -5?
-195
In base 13, what is -4 + 1a?
16
In base 2, what is 0 + -11011000?
-11011000
In base 9, what is -1 + 435?
434
In base 9, what is 31 + 113?
144
In base 11, what is 2 - -904?
906
In base 3, what is -220020 + -12?
-220102
In base 16, what is 11ad - 1?
11ac
In base 9, what is 2 + -80?
-77
In base 11, what is -68a - -5?
-685
In base 9, what is 342 - 5?
336
In base 12, what is -1 - -19?
18
In base 15, what is -3 + 5?
2
In base 16, what is 8 - -ca?
d2
In base 13, what is 6 + -15?
-c
In base 12, what is 33 - 4b?
-18
In base 4, what is 1 + -11001?
-11000
In base 15, what is -9 - 5d?
-67
In base 9, what is 10 - 57?
-47
In base 4, what is -12 - 3?
-21
In base 4, what is 10212 + 0?
10212
In base 7, what is 0 + -15?
-15
In base 14, what is 4 + -6?
-2
In base 13, what is -4 + 3?
-1
In base 5, what is -4244 - 21?
-4320
In base 10, what is -140 + 4?
-136
In base 2, what is 101010010 + 0?
101010010
In base 8, what is -2 - -3774?
3772
In base 2, what is -100011010110 - -101?
-100011010001
In base 14, what is -28b - 2?
-28d
In base 15, what is 1 - -68?
69
In base 6, what is -55304 - -3?
-55301
In base 3, what is -2111 - -1?
-2110
In base 13, what is -1 + 153?
152
In base 15, what is 2 - 4?
-2
In base 10, what is -49 - -6?
-43
In base 13, what is 4 - 10?
-9
In base 11, what is -320a + -1?
-3210
In base 7, what is 424 + -11?
413
In base 9, what is 675 - 1?
674
In base 6, what is 13 - -123?
140
In base 2, what is 10000000 + 10?
10000010
In base 15, what is -61 - -9?
-57
In base 6, what is -5511 + -4?
-5515
In base 7, what is 1 - 104?
-103
In base 11, what is 6 - -223?
229
In base 12, what is -18 + -316?
-332
In base 3, what is -2020202 - -12?
-2020120
In base 3, what is 12210 - -12?
12222
In base 4, what is 0 - 1122?
-1122
In base 15, what is b + a6?
b2
In base 6, what is -3 - -34?
31
In base 12, what is -51 - 2?
-53
In base 3, what is 10 + 1002?
1012
In base 8, what is -406 + -1?
-407
In base 9, what is -4 - 6544?
-6548
In base 14, what is -3 - b8?
-bb
In base 14, what is 2 - 15d?
-15b
In base 8, what is 21 + 37?
60
In base 14, what is 4 + 132?
136
In base 2, what is 11 + -100000?
-11101
In base 13, what is -3 + 47?
44
In base 7, what is -403 + 31?
-342
In base 9, what is 65 - -4?
70
In base 6, what is 10 + 30?
40
In base 13, what is 5 - 98?
-93
In base 9, what is 3 + 325?
328
In base 3, what is 12 - 10020?
-10001
In base 6, what is 5 + 5154?
5203
In base 11, what is -50a - -1?
-509
In base 12, what is 623 + 3?
626
In base 11, what is 0 - -106?
106
In base 4, what is 11022201 + -3?
11022132
In base 9, what is -5 + 386?
381
In base 2, what is -10010101010 - -10?
-10010101000
In base 15, what is -6cd + 1?
-6cc
In base 7, what is 36 + -2?
34
In base 7, what is -241 + -50?
-321
In base 9, what is -103 + -1?
-104
In base 4, what is -1 - 121322?
-121323
In base 7, what is 42 - 3?
36
In base 2, what is 10010 + -101?
1101
In base 10, what is -3 - -561?
558
In base 13, what is 916a - 3?
9167
In base 6, what is 21 - 22?
-1
In base 9, what is -17 - -1?
-16
In base 6, what is -15524 - 3?
-15531
In base 8, what is 3 - 2067?
-2064
In base 2, what is 1100001 + -10101?
1001100
In base 14, what is -128 - -1?
-127
In base 12, what is -1 + -a3?
-a4
In base 12, what is 5 + -4a?
-45
In base 13, what is 3b - 1?
3a
In base 8, what is -121 - 12?
-133
In base 5, what is -20324 + -4?
-20333
In base 13, what is 81 - -3?
84
In base 11, what is 55 - -2?
57
In base 16, what is -b57 + 4?
-b53
In base 15, what is 14c4 + 3?
14c7
In base 8, what is 1062 - 10?
1052
In base 8, what is -2 + 1337?
1335
In base 12, what is ab - -3?
b2
In base 9, what is 722 - -15?
737
In base 8, what is -166 + 11?
-155
In base 16, what is f - 0?
f
In base 4, what is 300 - 1101?
-201
In base 15, what is -a - 61?
-6b
In base 13, what is -34 - -5?
-2c
In base 9, what is 857 + 5?
863
In base 12, what is -a4 - 3?
-a7
In base 12, what is 2 - -6b0?
6b2
In base 14, what is c + 54?
62
In base 15, what is 3 + 6?
9
In base 9, what is 4 - 71?
-66
In base 15, what is 85 - c?
78
In base 9, what is 1517 + 4?
1522
In base 9, what is 6481 + 1?
6482
In base 4, what is -30001 + 3?
-23332
In base 13, what is 37 + 1b?
55
In base 7, what is -13 + 5250?
5234
In base 10, what is 174 + 23?
197
In base 8, what is -11766 - -2?
-11764
In base 4, what is -21103 - -11?
-21032
In base 5, what is -4 - -3332?
3323
In base 10, what is -10 - 70?
-80
In base 6, what is 0 + 51?
51
In base 9, what is 872 + 2?
874
In base 7, what is -336 + -4?
-343
In base 13, what is 3 + 19?
1c
In base 6, what is 135 + -55?
40
In base 10, what is -652 - 3?
-655
In base 14, what is 115 - -8?
11d
In base 16, what is -3 + -148?
-14b
In base 9, what is 202 - 3?
188
In base 12, what is -119 - -6?
-113
In base 8, what is -3 + 1434?
1431
In base 7, what is -1 - 25?
-26
In base 2, what is 10111 + -1011110?
-1000111
In base 5, what is -133334 - 10?
-133344
In base 7, what is -2 - 3034?
-3036
In base 9, what is 5 + -1113?
-1107
In base 7, what is 1 + -20?
-16
In base 2, what is -110000111110101 + 101?
-110000111110000
In base 2, what is -10 + -10101010011?
-10101010101
In base 4, what is 3 - 202002?
-201333
In base 14, what is 9b + 4?
a1
In base 10, what is 0 - 705?
-705
In base 16, what is -18 - 98?
-b0
In base 8, what is 1166 - 5?
1161
In base 11, what is 8a + -3?
87
In base 16, what is -3 - 23?
-26
In base 2, what is 1 + -10110010100?
-10110010011
In base 7, what is 1 + 2561?
2562
In base 8, what is -6 + -601?
-607
In base 15, what is d - 